-188. Is j a multiple of 13?
True
Let u(f) = 11*f + 14. Let a be u(-7). Let t = -32 - a. Does 13 divide t?
False
Let t(w) = -w**2 - 9*w + 14. Let n be t(-10). Suppose n*h - 224 - 192 = 0. Suppose -3*i + h = i. Is 7 a factor of i?
False
Let f be (-3)/(-4) + 516/16. Let o = f + -27. Suppose -m = -o - 8. Does 7 divide m?
True
Let x be (-6)/(-1)*85/(-3). Does 12 divide -2*1/(4/x)?
False
Suppose 16*d - 13200 = d. Is d a multiple of 40?
True
Let j(r) = 11*r**3 - 16*r**2 + 10*r - 2. Is 18 a factor of j(4)?
True
Let z be ((-12)/3)/(-4) + 4. Suppose 3*u = z*m + 8*u - 480, -3*u + 98 = m. Does 19 divide m?
True
Let z(i) = 2*i**2 - i. Let n be z(5). Let d be (-9)/(-5) - (-9)/n. Let p(r) = 15*r**2 + 3*r - 2. Is 16 a factor of p(d)?
True
Let r(u) = -2*u**2 - 11*u + 17. Let m(f) = -5*f**2 - 21*f + 34. Let y(h) = -3*m(h) + 7*r(h). Let k be y(12). Let n = k + 16. Is n a multiple of 3?
True
Does 8 divide -1 + -10 - (96 + -3465)?
False
Let g = -278 - -428. Suppose -6*z + g = -390. Does 7 divide z?
False
Suppose -5*o - h + 5778 = 0, 2*o - 126*h = -127*h + 2310. Is 34 a factor of o?
True
Let b(l) = -50*l**2 + 8. Let f(s) = -17*s**2 + 3. Let i(z) = -4*b(z) + 11*f(z). Is i(-1) a multiple of 9?
False
Suppose 4 = -2*h, -2747 = -4*c + 4*h + 7901. Suppose -i + c = 6*i. Suppose 4*k = 4*p + i, p = -4*k + 260 + 125. Is 22 a factor of k?
False
Let x(b) = -3*b**3 - 23*b**2 + 23*b + 102. Does 11 divide x(-10)?
True
Is (3636/(-27))/(4/(-18)) a multiple of 17?
False
Let c(v) = 29*v + 17. Let f be c(3). Suppose 3*m = 518 - f. Is m a multiple of 16?
False
Suppose 0 = -4*b - 47 + 23. Let k(v) = v**3 + 13*v**2 + 7*v + 10. Is k(b) a multiple of 30?
False
Suppose -3*l = 4*l + 35, 0 = 2*a - 2*l - 762. Is a a multiple of 7?
False
Let i be (-2)/(-5)*(13 - 3). Let q be (i + -3)*-3 + 16. Does 11 divide 0 - q/((-13)/60)?
False
Suppose 56*m - 3484 = 54*m. Is m a multiple of 10?
False
Let h(r) = 6*r - 2. Let w be h(4). Suppose 0 = -2*l - w + 6. Let y(o) = -o - 4. Does 3 divide y(l)?
False
Let b = 24 + -23. Does 8 divide b - (-3 + ((-240)/(-1))/(-4))?
True
Let z = 2169 + -1114. Is z a multiple of 9?
False
Let h(n) = 2*n**2 + 7*n - 4. Let v be h(-8). Suppose 0 = -4*p - 0*p + v. Is 4 a factor of p?
False
Let a = 1906 - 913. Does 12 divide a?
False
Let t(d) = 3*d**3 - 6*d**2 - 9*d + 13. Let i be t(5). Let m = 445 - i. Is m a multiple of 15?
False
Suppose -3*w + w + 186 = -2*k, -2*k = w - 105. Suppose -96*y + w*y - 205 = 0. Does 33 divide y?
False
Let o(n) = -n - 2*n + 4*n**2 - 9 + 15. Suppose -q + 16 = 4*q + 2*p, -p = -3*q + 14. Is 10 a factor of o(q)?
False
Suppose 10*t - 10822 = -4*t. Is t a multiple of 48?
False
Let h(b) = 9*b + 2. Let s = -1 - -5. Let z be h(s). Suppose -5*p - 100 = -3*g, -2*g + g = -4*p - z. Is 15 a factor of g?
True
Suppose -b + 4 = 3. Is 9 a factor of 4061/(-124)*(b - 5)?
False
Suppose -5*m + 2*h + 1008 = 0, -h - h = 5*m - 1012. Suppose -3*x = -5*c + m, c - x = -2*c + 122. Is c a multiple of 10?
False
Let c(j) = -70*j - 175. Is 46 a factor of c(-13)?
False
Suppose 8*u = -2*u - 8*u. Suppose 4*v - 62 = k, 5*v - 4*k - 109 + 37 = u. Is v a multiple of 2?
True
Suppose 4*y + 7*b + 336 = 2*b, -3*y - 252 = b. Is 1 - y - (1 + (-9)/3) a multiple of 29?
True
Let g = -177 + 296. Suppose n - 2*q + 68 = q, 0 = -2*n - 4*q - 116. Let r = g + n. Is r a multiple of 19?
True
Suppose 5*h = -5*z + 11330, -2261 = -94*z + 93*z + 4*h. Is z a multiple of 32?
False
Suppose -6*n + 226 + 140 = 0. Let x = -31 + n. Does 10 divide x?
True
Let d be (-600)/(-42) - 4/14. Let i = d - 18. Is 3 - (240 - 0)/i a multiple of 13?
False
Let m(w) = w**2 + 12*w - 11. Let q be m(-11). Let z = q - -19. Let n = z + 11. Is n even?
True
Suppose -x - 4*x = -40. Does 21 divide (-2)/x - 1043/(-28)?
False
Suppose d + 1 = 6. Suppose -42 = d*q - 2*q. Does 11 divide (q + 2 + 1)*-1?
True
Is 1363*-6*(-11)/66 a multiple of 79?
False
Suppose 0 = -3*b - 5*z + 2, -2*z + 7*z = -4*b + 6. Suppose 0 = -b*g + 108 + 68. Does 11 divide g?
True
Suppose -2*f = 5*q - 171, 14*q - 168 = -2*f + 10*q. Is f a multiple of 33?
False
Suppose -5*l = 3*o - 117, 0 = -3*l + 3*o - 20 + 95. Suppose 3*i + i = l. Is 7 a factor of (i/4)/((-9)/(-90))?
False
Let i(y) = -11*y - 50. Let r(d) = -44*d - 200. Let f(j) = -9*i(j) + 2*r(j). Is f(8) a multiple of 19?
False
Let b be (1 - (-8)/(-12))*9. Let p be b/6*(-2 + -8). Let h(n) = -n**3 - 4*n**2 + n - 2. Is h(p) a multiple of 9?
True
Suppose 0 = 6*q - 5*q - 6. Suppose 46 = v + 4*m, 3*v = 2*v - 2*m + 36. Suppose 2*i = q + v. Is i a multiple of 5?
False
Suppose 3*q = 3 + 6. Suppose 0 = -2*l + q*l - 189. Suppose -31 = -4*d + l. Does 19 divide d?
False
Let g(a) = 4*a - 15. Is g(10) a multiple of 5?
True
Let w be (-18)/(-12)*4/(-6) - -7. Suppose w*f = f + 860. Is 50 a factor of f?
False
Suppose -f = 24*f - 3000. Is f a multiple of 4?
True
Let r(c) = -c**2 - 7*c + 1. Let a(d) = -d**3 + 7*d**2 + 8*d - 5. Let p be a(8). Let v = p - 1. Is r(v) a multiple of 5?
False
Let t = -1041 - -1525. Suppose -4*q = -2*m + 4*m - 454, -4*q + t = -4*m. Does 20 divide q?
False
Suppose 5*y - 8650 = -5*i, -2*y + 1730 = 6*i - 5*i. Does 15 divide i?
False
Let n(s) = 5*s**2 - 22*s + 140. Is n(-13) a multiple of 31?
True
Suppose 0*u + 4*m - 258 = -2*u, -3*m + 506 = 4*u. Let c = u + -38. Does 29 divide c?
True
Suppose 0 = 3*u - 81 - 951. Does 43 divide u?
True
Let g(v) = -v**3 - 18*v**2 - 34*v + 55. Is 16 a factor of g(-17)?
False
Let b(s) be the third derivative of -1/120*s**6 - 2*s**2 + 2/3*s**3 + 0 + 0*s - 3/8*s**4 - 2/15*s**5. Is b(-7) a multiple of 6?
True
Suppose 3*l - 6 + 60 = 0. Let s = -47 + 72. Let n = s + l. Is 7 a factor of n?
True
Let n = -840 - -892. Does 4 divide n?
True
Suppose -4*n + 0*m - 50 = 3*m, 2*n - 2*m = -18. Let l(q) = q**2 - q - 19. Does 13 divide l(n)?
False
Suppose -16*s + 1530 = s. Does 26 divide (108/s)/(0 + 6/1040)?
True
Let s(h) = h**2 - 14*h - 63. Is s(20) a multiple of 57?
True
Suppose -12021 = -5*w + 6439. Does 88 divide w?
False
Suppose -177 = 3*u + 3*h, -h - 48 = -3*u - 205. Let n = -42 - u. Does 5 divide n?
False
Let i = 1415 - 737. Is i a multiple of 6?
True
Let s(b) = 2*b**2 - 2*b. Let u be s(2). Suppose 2*h + 0*h + 16 = -u*z, 5*h - 4*z = 16. Suppose h = -0*g - g + 28. Is 6 a factor of g?
False
Let y = 60 - 47. Let q(j) = -8*j - 17. Let s be q(-7). Suppose -4*k = -s - y. Does 3 divide k?
False
Let b = -1881 + 4793. Does 14 divide b?
True
Let i(o) = 31*o**2 - 15*o + 26. Is 22 a factor of i(4)?
True
Suppose -2*p + 5*k = -31, 8*p - 3*p + 3*k - 155 = 0. Suppose -u + p = w, -4*u + 16 = 2*w - 86. Does 10 divide u?
False
Suppose c = 2, -4*c + c - 138 = -n. Is n a multiple of 48?
True
Let b = 19 - 28. Let i = b - -97. Does 22 divide i?
True
Let t(i) = i**3 - 3*i**2 - i - 42. Does 3 divide t(9)?
True
Suppose s = 4*r - 4*s - 402, r - 2*s - 99 = 0. Does 103 divide r?
True
Let v(a) = a**3 + 15*a**2 - 14*a - 92. Is v(-15) even?
True
Let a be (-1 + (-2)/(-1))/((-4)/(-16)). Suppose 51 = 2*s + a*i - 69, -5*s = 3*i - 293. Does 29 divide s?
True
Let g = 2 - -9. Let d(i) = -g*i**2 - 7*i**3 + i**2 + 7 + 6*i**3 - i. Is 17 a factor of d(-10)?
True
Let p = 891 - 786. Is p a multiple of 5?
True
Suppose x + 5*a + 13 = 2, -2*x = -4*a + 22. Let v = x + 54. Does 9 divide v?
False
Let u = -62 - -136. Let z = u - 44. Is z a multiple of 10?
True
Suppose 992 = 10*d - 528. Does 76 divide d?
True
Let d = 2761 - 2390. Is d a multiple of 4?
False
Let y be (-66)/(-14) + (-2)/(-7). Suppose m - 3 = 4*r - y, -5*r = -5. Suppose 2*l - 3*a + m*a = 77, 0 = l + 4*a - 52. Does 10 divide l?
True
Let c = -85 - -145. Is 6 a factor of c?
True
Let a be 2 - (0 + 4 - -2). Let q(y) = -5*y**3 - 2*y**2 - 4*y - 8. Let r be q(a). Let k = -208 + r. Is k a multiple of 22?
True
Is 64 a factor of (-8100)/(-8) - (35/(-14))/1?
False
Suppose -p - 14 = -5*y, p = -4*y - p + 14. Suppose a - 43 - 49 = -y*o, -3*o = -3*a + 228. Is 16 a factor of a?
True
Let c(a) = -a**3 - 2*a**2 + 3*a + 5. Let s be c(-3). Suppose 3*l - q = -l + 96, 5*l = -s*q + 120. Is 24 a factor of l?
True
Let m(l) = -2*l**3 - 4*l**2 - 5*l + 3. Is m(-7) a multiple of 12?
True
Let g(t) = 8 - t**2 + 2 + 12*t - 6*t + 8*t. Suppose -2*s - 3*s = -55. Does 10 divide g(s)?
False
Suppose -5*n - 1800 = -8*n. Is n a multiple of 8?
True
Let a(r) = 101*r**3 - 3*r**2 - 2*r + 8. Is a(2) a multiple of 10?
True
Let j = 